+ 50. Calculate the remainder when 33 is divided by (w - (-3 + 5)) + 3.
15
Suppose -2*i + 5*c = -61, c = i + 2*c - 34. Calculate the remainder when i is divided by 17.
16
Let m be -4*57/24*-2. Suppose -m = -4*n + 37. Let o(a) = -a**3 + 4*a**2 - 4. What is the remainder when n is divided by o(3)?
4
Suppose 2*r - t - 147 = 0, 3*r - 2*t - 222 = -t. Calculate the remainder when r is divided by 26.
23
Let o(s) be the second derivative of -s**4/12 - 7*s**3/6 + 9*s**2/2 - 3*s. Let t = 4 + -11. What is the remainder when o(t) is divided by 5?
4
Suppose -14*y = -6 - 106. What is the remainder when 85 is divided by y?
5
Let z = 7 + 1. Let d be (2 - -2)*(-20)/16. Let p(c) = c**2 - 2. What is the remainder when p(d) is divided by z?
7
What is the remainder when 12/(-28) - (-570)/7 is divided by 28?
25
Calculate the remainder when (-86)/(-4) + (-5)/10 is divided by 12.
9
Let p = 43 - 3. Let c = p - 24. What is the remainder when 46 is divided by c?
14
Suppose x + 1 = 2. Let k = x + 7. Calculate the remainder when k is divided by 5.
3
Let n(l) = -l**2 + 11*l - 1. Let d be n(7). Let j = -9 + d. What is the remainder when 33 is divided by j?
15
Suppose 2*n = 3*t - 15 + 66, -2*t - 45 = -5*n. Let c = 3 - t. Calculate the remainder when c is divided by (-10)/(-2)*(-3 + 5).
8
Let j(k) = k**2 + 2*k - 3. Let g(q) = q**3 + 5*q**2 - 6*q - 9. Let t = -6 - -1. What is the remainder when g(t) is divided by j(-5)?
9
Let l = 2 - -3. Suppose l*g - 10 = 3*w, 2*w + 2*g - 30 = -2*w. Calculate the remainder when 9 is divided by w.
4
Let c(a) be the first derivative of -a**3/3 + 8*a**2 - 11*a + 3. Let j = 25 + -15. What is the remainder when c(j) is divided by 17?
15
Suppose 0 = 5*r - 10, 2*z = 4*r - 2*r + 40. What is the remainder when 151 is divided by z?
19
Let s = 6 + 5. Let l = -7 - -38. What is the remainder when l is divided by s?
9
Let i = 97 + -48. What is the remainder when i is divided by 13?
10
Let z be (20/(-25))/((-2)/245). Let a = z + -59. What is the remainder when a is divided by 20?
19
Suppose 0 = 2*p + 3*p - 60. Suppose 0 = -3*y - 4*s + 40, -2*y + 5*s = 4*s - p. Calculate the remainder when 30 is divided by y.
6
Let g = 5 + -3. Suppose 3*h - g*h = 11. What is the remainder when h is divided by 4?
3
Suppose -2 = 3*j - 11. Suppose j*w = -2*w - d + 85, 80 = 5*w + 2*d. Calculate the remainder when 70 is divided by w.
16
Suppose -2 = 2*m, 2*m + 30 = 4*q - 8. What is the remainder when 69 is divided by q?
6
Let t be (1 - 3 - -28) + -2. Let a = t - 1. What is the remainder when a is divided by 8?
7
Let a(k) = -k**3 - 12*k**2 + 10*k - 6. Let p be a(-9). Calculate the remainder when 4/10 + p/(-15) is divided by 8.
7
Let j(a) = -a**2 + 5*a + 2. Let i be j(6). Let q = -2 - i. Suppose 0 = -p + 2 + 1. Calculate the remainder when p is divided by q.
1
Suppose -4*l + 112 = 3*m, m = 5*m - 3*l - 141. Suppose -m = -4*y + 20. Calculate the remainder when 53 is divided by y.
11
Let l be 0 - ((-4)/2 + -1). Suppose 4*y = h + 31 + 34, -y + l*h = -30. Calculate the remainder when y is divided by 4.
3
Suppose 2*g - 7*g = -3*z - 8, -12 = 2*z - 5*g. Let y(f) = 2*f**2 - f - 5. Calculate the remainder when y(z) is divided by ((-2)/(-5))/((-2)/(-60)).
11
Let a(c) = -8*c. Let g be 9/2 - (-2)/(-4). Suppose -4*t - 5*y - g = 0, -4*t - y - 5 = -1. What is the remainder when a(t) is divided by 3?
2
Let m = -74 + 91. Calculate the remainder when 66 is divided by m.
15
Calculate the remainder when 6 is divided by (-7)/(28/(-8))*2.
2
Let k(v) = 4*v - 8 + v - 2*v + 0*v. Calculate the remainder when 24 is divided by k(7).
11
Let c(a) be the third derivative of -a**6/120 - 2*a**5/15 - 5*a**4/12 + a**3/3 + 2*a**2. Calculate the remainder when c(-7) is divided by 13.
10
Suppose -2*l = -5 - 13. Let i be ((-16)/6 - -2)*-114. Let a = -43 + i. What is the remainder when a is divided by l?
6
Suppose -u + 3 = -0. Let a = 7 - 3. Suppose 2 = -q, u*m - a*q - 108 = -2*m. What is the remainder when m is divided by 7?
6
Suppose -4*h + 124 = 4*v, v + 124 = 3*h + h. Let o = -78 + 138. Let g = o - h. Calculate the remainder when g is divided by 10.
9
Suppose -3*x - 2*x = -345. Let j(h) = 4*h**2 - 11*h - 2. Calculate the remainder when x is divided by j(4).
15
Let y be 88/12*(2 - -1). Suppose -4*v + y = -2*v. Calculate the remainder when v is divided by 7.
4
Let v be (1 - (-27)/(-6))*6. Let c = -7 + 8. What is the remainder when (-4)/(-18) + v/(-27) is divided by c?
0
Suppose 0 = 3*w + 3*j - 30, 0 = w + 2*w + 5*j - 24. Calculate the remainder when 128 is divided by w.
11
Let m = 116 + -93. Calculate the remainder when m is divided by 6.
5
Let n(o) = -o + 9. Calculate the remainder when 51 is divided by n(-9).
15
Let c = 206 - 160. Calculate the remainder when 90 is divided by c.
44
Let h(n) = -2*n - 13. Calculate the remainder when 67 is divided by h(-15).
16
Suppose 2*t = -t + 63. Calculate the remainder when t is divided by 8.
5
Suppose 0 = s - 2*s. Let x(c) = c**3 + 2. Let l be x(s). Suppose m = -l*m + 99. Calculate the remainder when m is divided by 9.
6
Calculate the remainder when 69 is divided by 184/18 + 4/(-18).
9
Let i(p) = p**3 + p**2 + 14. Suppose 4*s = 4*m + 108, 3*s - m - 83 = 4*m. Calculate the remainder when s is divided by i(0).
12
Suppose 0 = -q, -1 = 3*n + 2*q - 13. Suppose -l = -n*l + 36. Calculate the remainder when 22 is divided by l.
10
Suppose 0 = t - 0*t - 77. Calculate the remainder when t is divided by ((-2)/(-5))/((-2)/(-100)).
17
Suppose 47 = -2*l + 35. Let q be (0 - 1) + 0 - 0. Calculate the remainder when ((-3)/l*-22)/q is divided by 4.
3
What is the remainder when -2*(4/8 - 1) - -187 is divided by 38?
36
Let g(p) = -17*p + 12. Let x be g(-5). Suppose -3*a + 0*c - 4*c + 144 = 0, -2*a - 3*c = -x. Calculate the remainder when a is divided by 15.
14
Let o = -84 + 88. What is the remainder when 8 is divided by o?
0
Let p(a) = 0 + 2*a - a + 3 + 2. Let n be p(-5). Suppose n = 4*j - 72 - 24. What is the remainder when j is divided by 13?
11
Let m(y) be the second derivative of 0 + 2/3*y**4 - y + 1/2*y**2 + 0*y**3. What is the remainder when 25 is divided by m(1)?
7
Let j be (5 - 1)/(32/24). Suppose 38 + 22 = j*o. Calculate the remainder when 59 is divided by o.
19
Suppose 0*g = 3*g - 132. Let f = 57 + -107. Let q = 73 + f. Calculate the remainder when g is divided by q.
21
Let o = -33 - -46. What is the remainder when o is divided by 4?
1
Calculate the remainder when 27 is divided by -3 + (-5)/2*-4.
6
Suppose i = -5*s + 33, 2*i - 48 = -0*i - s. Calculate the remainder when i is divided by 12.
11
Suppose 3*q - 4*r - 24 = 0, 2*r - 6*r - 16 = -q. Let i(o) = o**2 - 3*o. Let d be i(q). Calculate the remainder when 4 is divided by (-1)/(2/d*-1).
0
Suppose 7*u + 115 = 12*u. What is the remainder when 91 is divided by u?
22
What is the remainder when -2*1/(8/(-140)) is divided by 9?
8
Let y(w) = -w**3 - 5*w**2 + 17*w + 4. Let v be y(-9). Suppose -3*p + v = 5*f, 3*f + 3*p - 110 = -11. What is the remainder when f is divided by 20?
18
Let i = -6 - -15. Suppose 2*t + t = 45. What is the remainder when t is divided by i?
6
Calculate the remainder when 23 is divided by 8/10*30/4.
5
Suppose 2*k - k - 3*r = 19, 0 = 2*k + 4*r - 8. Let c = k - 2. Suppose 0*m + 46 = 4*m + 2*s, 2*m - c = 2*s. What is the remainder when m is divided by 3?
0
Calculate the remainder when (64/10)/((-4)/(-20)) is divided by 6/10 + 156/15.
10
Let b(j) = -j**3 + 8*j**2 - 5*j + 9. Let f be (-1 - (-2 - 8)) + 0. Let h = f - -3. What is the remainder when b(7) is divided by h?
11
Let p be 4 - (3/(-1))/(-3). Suppose p*v - 55 = n - 2*n, -3*v + 56 = 2*n. What is the remainder when 53 is divided by v?
17
Suppose 0 = 3*x - a + 26, x = 5*a + 1 - 19. Let v = 18 + x. Calculate the remainder when 19 is divided by v.
9
Suppose -4*q + 39 + 4 = -y, 2*y + 38 = 4*q. Let b(a) = 29*a - 1. Let d be b(2). Suppose 79 = 4*s - d. What is the remainder when s is divided by q?
10
Suppose 4*w + 4*j - 3*j = 95, -115 = -5*w - 2*j. Suppose 0 = -2*s - s - 5*v - 37, -27 = 2*s + v. Let a = s - -23. What is the remainder when w is divided by a?
7
Let x(k) = 15*k - 20. Calculate the remainder when x(9) is divided by 58.
57
Suppose 0 = -3*c - 5*i + 18 + 17, -9 = -c - 3*i. What is the remainder when 8*(-1 - 18/(-4)) is divided by c?
13
Suppose -5*i = -q - 153, -83 = -4